{"id":74088,"date":"2025-08-29T16:06:00","date_gmt":"2025-08-29T16:06:00","guid":{"rendered":""},"modified":"2025-08-29T16:06:00","modified_gmt":"2025-08-29T16:06:00","slug":"laufschuh-strasse","status":"publish","type":"product","link":"https:\/\/mall3.wufadu.top\/index.php\/product\/laufschuh-strasse\/","title":{"rendered":"Laufschuh Stra\u00dfe"},"content":{"rendered":"<p>Sportart : Laufen<br \/>Geeignet f\u00fcr : Stra\u00dfe, T\u00e4gliches Laufen<br \/>D\u00e4mpfung : Moderat<br \/>Schuhspitze : Rund<br \/>Verschluss : Schn\u00fcrung<br \/>Muster : Print<br \/>Funktion : Atmungsaktiv<br \/>Extras : Verst\u00e4rkte Fu\u00dfspitze<br \/>Artikelnummer : UN243A04Y-M11<\/p>\n","protected":false},"excerpt":{"rendered":"<p>Sportart : Laufen<br \/>Geeignet f\u00fcr : Stra\u00dfe, T\u00e4gliches Laufen<br \/>D\u00e4mpfung : Moderat<br \/>Schuhspitze : Rund<br \/>Verschluss : Schn\u00fcrung<br \/>Muster : Print<br \/>Funktion : Atmungsaktiv<br \/>E<\/p>\n","protected":false},"featured_media":0,"comment_status":"open","ping_status":"closed","template":"","meta":[],"product_brand":[66],"product_cat":[16,365,441],"product_tag":[],"class_list":{"0":"post-74088","1":"product","2":"type-product","3":"status-publish","5":"product_brand-under-armour","6":"product_cat-kinder","7":"product_cat-schuhe","8":"product_cat-sportschuhe","10":"first","11":"instock","12":"shipping-taxable","13":"purchasable","14":"product-type-variable"},"_links":{"self":[{"href":"https:\/\/mall3.wufadu.top\/index.php\/wp-json\/wp\/v2\/product\/74088","targetHints":{"allow":["GET"]}}],"collection":[{"href":"https:\/\/mall3.wufadu.top\/index.php\/wp-json\/wp\/v2\/product"}],"about":[{"href":"https:\/\/mall3.wufadu.top\/index.php\/wp-json\/wp\/v2\/types\/product"}],"replies":[{"embeddable":true,"href":"https:\/\/mall3.wufadu.top\/index.php\/wp-json\/wp\/v2\/comments?post=74088"}],"wp:attachment":[{"href":"https:\/\/mall3.wufadu.top\/index.php\/wp-json\/wp\/v2\/media?parent=74088"}],"wp:term":[{"taxonomy":"product_brand","embeddable":true,"href":"https:\/\/mall3.wufadu.top\/index.php\/wp-json\/wp\/v2\/product_brand?post=74088"},{"taxonomy":"product_cat","embeddable":true,"href":"https:\/\/mall3.wufadu.top\/index.php\/wp-json\/wp\/v2\/product_cat?post=74088"},{"taxonomy":"product_tag","embeddable":true,"href":"https:\/\/mall3.wufadu.top\/index.php\/wp-json\/wp\/v2\/product_tag?post=74088"}],"curies":[{"name":"wp","href":"https:\/\/api.w.org\/{rel}","templated":true}]}}